{"id":3062,"date":"2024-10-30T18:06:24","date_gmt":"2024-10-30T18:06:24","guid":{"rendered":"https:\/\/opening-doors.eu\/?post_type=apartamentos&#038;p=3062"},"modified":"2025-03-12T18:43:37","modified_gmt":"2025-03-12T18:43:37","slug":"can-mia","status":"publish","type":"apartamentos","link":"https:\/\/opening-doors.eu\/ca\/apartaments\/can-mia\/","title":{"rendered":"Can M\u00eda"},"content":{"rendered":"","protected":false},"excerpt":{"rendered":"","protected":false},"featured_media":3882,"parent":0,"menu_order":0,"template":"","format":"standard","meta":{"_uag_custom_page_level_css":"","site-sidebar-layout":"default","site-content-layout":"","ast-site-content-layout":"default","site-content-style":"default","site-sidebar-style":"default","ast-global-header-display":"","ast-banner-title-visibility":"","ast-main-header-display":"","ast-hfb-above-header-display":"","ast-hfb-below-header-display":"","ast-hfb-mobile-header-display":"","site-post-title":"","ast-breadcrumbs-content":"","ast-featured-img":"","footer-sml-layout":"","ast-disable-related-posts":"","theme-transparent-header-meta":"","adv-header-id-meta":"","stick-header-meta":"","header-above-stick-meta":"","header-main-stick-meta":"","header-below-stick-meta":"","astra-migrate-meta-layouts":"default","ast-page-background-enabled":"default","ast-page-background-meta":{"desktop":{"background-color":"var(--ast-global-color-4)","background-image":"","background-repeat":"repeat","background-position":"center center","background-size":"auto","background-attachment":"scroll","background-type":"","background-media":"","overlay-type":"","overlay-color":"","overlay-opacity":"","overlay-gradient":""},"tablet":{"background-color":"","background-image":"","background-repeat":"repeat","background-position":"center center","background-size":"auto","background-attachment":"scroll","background-type":"","background-media":"","overlay-type":"","overlay-color":"","overlay-opacity":"","overlay-gradient":""},"mobile":{"background-color":"","background-image":"","background-repeat":"repeat","background-position":"center center","background-size":"auto","background-attachment":"scroll","background-type":"","background-media":"","overlay-type":"","overlay-color":"","overlay-opacity":"","overlay-gradient":""}},"ast-content-background-meta":{"desktop":{"background-color":"var(--ast-global-color-5)","background-image":"","background-repeat":"repeat","background-position":"center center","background-size":"auto","background-attachment":"scroll","background-type":"","background-media":"","overlay-type":"","overlay-color":"","overlay-opacity":"","overlay-gradient":""},"tablet":{"background-color":"var(--ast-global-color-5)","background-image":"","background-repeat":"repeat","background-position":"center center","background-size":"auto","background-attachment":"scroll","background-type":"","background-media":"","overlay-type":"","overlay-color":"","overlay-opacity":"","overlay-gradient":""},"mobile":{"background-color":"var(--ast-global-color-5)","background-image":"","background-repeat":"repeat","background-position":"center center","background-size":"auto","background-attachment":"scroll","background-type":"","background-media":"","overlay-type":"","overlay-color":"","overlay-opacity":"","overlay-gradient":""}}},"alquiler-temporada":[],"venta":[10],"class_list":["post-3062","apartamentos","type-apartamentos","status-publish","format-standard","has-post-thumbnail","hentry","venta-propiedades"],"yoast_head":"<!-- This site is optimized with the Yoast SEO plugin v27.2 - https:\/\/yoast.com\/product\/yoast-seo-wordpress\/ -->\n<title>Can M\u00eda - Casa en venta ubicada en la Vall d\u2019en Bas Opening Doors<\/title>\n<meta name=\"description\" content=\"Se vende esta magn\u00edfica casa de 690 m2 distribuidos en 3 plantas en Sant Esteve d&#039;en Bas, ideal tanto para vivir como para inversi\u00f3n.\" \/>\n<meta name=\"robots\" content=\"index, follow, max-snippet:-1, max-image-preview:large, max-video-preview:-1\" \/>\n<link rel=\"canonical\" href=\"https:\/\/opening-doors.eu\/ca\/apartaments\/can-mia\/\" \/>\n<meta property=\"og:locale\" content=\"ca_ES\" \/>\n<meta property=\"og:type\" content=\"article\" \/>\n<meta property=\"og:title\" content=\"Can M\u00eda - Casa en venta ubicada en la Vall d\u2019en Bas Opening Doors\" \/>\n<meta property=\"og:description\" content=\"Se vende esta magn\u00edfica casa de 690 m2 distribuidos en 3 plantas en Sant Esteve d&#039;en Bas, ideal tanto para vivir como para inversi\u00f3n.\" \/>\n<meta property=\"og:url\" content=\"https:\/\/opening-doors.eu\/ca\/apartaments\/can-mia\/\" \/>\n<meta property=\"og:site_name\" content=\"Opening Doors\" \/>\n<meta property=\"article:modified_time\" content=\"2025-03-12T18:43:37+00:00\" \/>\n<meta property=\"og:image\" content=\"https:\/\/opening-doors.eu\/wp-content\/uploads\/2024\/10\/1_principal-can-mia-casa-scaled.jpg\" \/>\n\t<meta property=\"og:image:width\" content=\"2560\" \/>\n\t<meta property=\"og:image:height\" content=\"1707\" \/>\n\t<meta property=\"og:image:type\" content=\"image\/jpeg\" \/>\n<meta name=\"twitter:card\" content=\"summary_large_image\" \/>\n<meta name=\"twitter:label1\" content=\"Temps estimat de lectura\" \/>\n\t<meta name=\"twitter:data1\" content=\"2 minuts\" \/>\n<script type=\"application\/ld+json\" class=\"yoast-schema-graph\">{\"@context\":\"https:\/\/schema.org\",\"@graph\":[{\"@type\":\"WebPage\",\"@id\":\"https:\/\/opening-doors.eu\/apartamentos\/can-mia\/\",\"url\":\"https:\/\/opening-doors.eu\/apartamentos\/can-mia\/\",\"name\":\"Can M\u00eda - Casa en venta ubicada en la Vall d\u2019en Bas Opening Doors\",\"isPartOf\":{\"@id\":\"https:\/\/opening-doors.eu\/#website\"},\"primaryImageOfPage\":{\"@id\":\"https:\/\/opening-doors.eu\/apartamentos\/can-mia\/#primaryimage\"},\"image\":{\"@id\":\"https:\/\/opening-doors.eu\/apartamentos\/can-mia\/#primaryimage\"},\"thumbnailUrl\":\"https:\/\/opening-doors.eu\/wp-content\/uploads\/2024\/10\/1_principal-can-mia-casa-scaled.jpg\",\"datePublished\":\"2024-10-30T18:06:24+00:00\",\"dateModified\":\"2025-03-12T18:43:37+00:00\",\"description\":\"Se vende esta magn\u00edfica casa de 690 m2 distribuidos en 3 plantas en Sant Esteve d'en Bas, ideal tanto para vivir como para inversi\u00f3n.\",\"breadcrumb\":{\"@id\":\"https:\/\/opening-doors.eu\/apartamentos\/can-mia\/#breadcrumb\"},\"inLanguage\":\"ca\",\"potentialAction\":[{\"@type\":\"ReadAction\",\"target\":[\"https:\/\/opening-doors.eu\/apartamentos\/can-mia\/\"]}]},{\"@type\":\"ImageObject\",\"inLanguage\":\"ca\",\"@id\":\"https:\/\/opening-doors.eu\/apartamentos\/can-mia\/#primaryimage\",\"url\":\"https:\/\/opening-doors.eu\/wp-content\/uploads\/2024\/10\/1_principal-can-mia-casa-scaled.jpg\",\"contentUrl\":\"https:\/\/opening-doors.eu\/wp-content\/uploads\/2024\/10\/1_principal-can-mia-casa-scaled.jpg\",\"width\":2560,\"height\":1707,\"caption\":\"ASCII Kolor stitching | 6 pictures | Size: 7000 x 4667 | Lens: Standard | RMS: 3.67 | FOV: 81.17 x 59.57 ~ -2.43 | Projection: Planar | Color: LDR |\"},{\"@type\":\"BreadcrumbList\",\"@id\":\"https:\/\/opening-doors.eu\/apartamentos\/can-mia\/#breadcrumb\",\"itemListElement\":[{\"@type\":\"ListItem\",\"position\":1,\"name\":\"Inicio\",\"item\":\"https:\/\/opening-doors.eu\/\"},{\"@type\":\"ListItem\",\"position\":2,\"name\":\"Apartamentos\",\"item\":\"https:\/\/opening-doors.eu\/apartamentos\/\"},{\"@type\":\"ListItem\",\"position\":3,\"name\":\"Can M\u00eda\"}]},{\"@type\":\"WebSite\",\"@id\":\"https:\/\/opening-doors.eu\/#website\",\"url\":\"https:\/\/opening-doors.eu\/\",\"name\":\"Opening Doors\",\"description\":\"\",\"publisher\":{\"@id\":\"https:\/\/opening-doors.eu\/#organization\"},\"potentialAction\":[{\"@type\":\"SearchAction\",\"target\":{\"@type\":\"EntryPoint\",\"urlTemplate\":\"https:\/\/opening-doors.eu\/?s={search_term_string}\"},\"query-input\":{\"@type\":\"PropertyValueSpecification\",\"valueRequired\":true,\"valueName\":\"search_term_string\"}}],\"inLanguage\":\"ca\"},{\"@type\":\"Organization\",\"@id\":\"https:\/\/opening-doors.eu\/#organization\",\"name\":\"Opening Doors\",\"url\":\"https:\/\/opening-doors.eu\/\",\"logo\":{\"@type\":\"ImageObject\",\"inLanguage\":\"ca\",\"@id\":\"https:\/\/opening-doors.eu\/#\/schema\/logo\/image\/\",\"url\":\"https:\/\/opening-doors.eu\/wp-content\/uploads\/2026\/04\/logo_OD_web_02.png\",\"contentUrl\":\"https:\/\/opening-doors.eu\/wp-content\/uploads\/2026\/04\/logo_OD_web_02.png\",\"width\":215,\"height\":108,\"caption\":\"Opening Doors\"},\"image\":{\"@id\":\"https:\/\/opening-doors.eu\/#\/schema\/logo\/image\/\"}}]}<\/script>\n<!-- \/ Yoast SEO plugin. -->","yoast_head_json":{"title":"Can M\u00eda - Casa en venda ubicada a la Vall d&#039;en Bas Opening Doors","description":"Es ven aquesta magn\u00edfica casa de 690 m2 distribu\u00efts en 3 plantes a Sant Esteve d&#039;en Bas, ideal tant per viure com per inversi\u00f3.","robots":{"index":"index","follow":"follow","max-snippet":"max-snippet:-1","max-image-preview":"max-image-preview:large","max-video-preview":"max-video-preview:-1"},"canonical":"https:\/\/opening-doors.eu\/ca\/apartaments\/can-mia\/","og_locale":"ca_ES","og_type":"article","og_title":"Can M\u00eda - Casa en venta ubicada en la Vall d\u2019en Bas Opening Doors","og_description":"Se vende esta magn\u00edfica casa de 690 m2 distribuidos en 3 plantas en Sant Esteve d'en Bas, ideal tanto para vivir como para inversi\u00f3n.","og_url":"https:\/\/opening-doors.eu\/ca\/apartaments\/can-mia\/","og_site_name":"Opening Doors","article_modified_time":"2025-03-12T18:43:37+00:00","og_image":[{"width":2560,"height":1707,"url":"https:\/\/opening-doors.eu\/wp-content\/uploads\/2024\/10\/1_principal-can-mia-casa-scaled.jpg","type":"image\/jpeg"}],"twitter_card":"summary_large_image","twitter_misc":{"Temps estimat de lectura":"2 minuts"},"schema":{"@context":"https:\/\/schema.org","@graph":[{"@type":"WebPage","@id":"https:\/\/opening-doors.eu\/apartamentos\/can-mia\/","url":"https:\/\/opening-doors.eu\/apartamentos\/can-mia\/","name":"Can M\u00eda - Casa en venda ubicada a la Vall d&#039;en Bas Opening Doors","isPartOf":{"@id":"https:\/\/opening-doors.eu\/#website"},"primaryImageOfPage":{"@id":"https:\/\/opening-doors.eu\/apartamentos\/can-mia\/#primaryimage"},"image":{"@id":"https:\/\/opening-doors.eu\/apartamentos\/can-mia\/#primaryimage"},"thumbnailUrl":"https:\/\/opening-doors.eu\/wp-content\/uploads\/2024\/10\/1_principal-can-mia-casa-scaled.jpg","datePublished":"2024-10-30T18:06:24+00:00","dateModified":"2025-03-12T18:43:37+00:00","description":"Es ven aquesta magn\u00edfica casa de 690 m2 distribu\u00efts en 3 plantes a Sant Esteve d&#039;en Bas, ideal tant per viure com per inversi\u00f3.","breadcrumb":{"@id":"https:\/\/opening-doors.eu\/apartamentos\/can-mia\/#breadcrumb"},"inLanguage":"ca","potentialAction":[{"@type":"ReadAction","target":["https:\/\/opening-doors.eu\/apartamentos\/can-mia\/"]}]},{"@type":"ImageObject","inLanguage":"ca","@id":"https:\/\/opening-doors.eu\/apartamentos\/can-mia\/#primaryimage","url":"https:\/\/opening-doors.eu\/wp-content\/uploads\/2024\/10\/1_principal-can-mia-casa-scaled.jpg","contentUrl":"https:\/\/opening-doors.eu\/wp-content\/uploads\/2024\/10\/1_principal-can-mia-casa-scaled.jpg","width":2560,"height":1707,"caption":"ASCII Kolor stitching | 6 pictures | Size: 7000 x 4667 | Lens: Standard | RMS: 3.67 | FOV: 81.17 x 59.57 ~ -2.43 | Projection: Planar | Color: LDR |"},{"@type":"BreadcrumbList","@id":"https:\/\/opening-doors.eu\/apartamentos\/can-mia\/#breadcrumb","itemListElement":[{"@type":"ListItem","position":1,"name":"Inicio","item":"https:\/\/opening-doors.eu\/"},{"@type":"ListItem","position":2,"name":"Apartamentos","item":"https:\/\/opening-doors.eu\/apartamentos\/"},{"@type":"ListItem","position":3,"name":"Can M\u00eda"}]},{"@type":"WebSite","@id":"https:\/\/opening-doors.eu\/#website","url":"https:\/\/opening-doors.eu\/","name":"Opening Doors","description":"","publisher":{"@id":"https:\/\/opening-doors.eu\/#organization"},"potentialAction":[{"@type":"SearchAction","target":{"@type":"EntryPoint","urlTemplate":"https:\/\/opening-doors.eu\/?s={search_term_string}"},"query-input":{"@type":"PropertyValueSpecification","valueRequired":true,"valueName":"search_term_string"}}],"inLanguage":"ca"},{"@type":"Organization","@id":"https:\/\/opening-doors.eu\/#organization","name":"Opening Doors","url":"https:\/\/opening-doors.eu\/","logo":{"@type":"ImageObject","inLanguage":"ca","@id":"https:\/\/opening-doors.eu\/#\/schema\/logo\/image\/","url":"https:\/\/opening-doors.eu\/wp-content\/uploads\/2026\/04\/logo_OD_web_02.png","contentUrl":"https:\/\/opening-doors.eu\/wp-content\/uploads\/2026\/04\/logo_OD_web_02.png","width":215,"height":108,"caption":"Opening Doors"},"image":{"@id":"https:\/\/opening-doors.eu\/#\/schema\/logo\/image\/"}}]}},"uagb_featured_image_src":{"full":["https:\/\/opening-doors.eu\/wp-content\/uploads\/2024\/10\/1_principal-can-mia-casa-scaled.jpg",2560,1707,false],"thumbnail":["https:\/\/opening-doors.eu\/wp-content\/uploads\/2024\/10\/1_principal-can-mia-casa-150x150.jpg",150,150,true],"medium":["https:\/\/opening-doors.eu\/wp-content\/uploads\/2024\/10\/1_principal-can-mia-casa-300x200.jpg",300,200,true],"medium_large":["https:\/\/opening-doors.eu\/wp-content\/uploads\/2024\/10\/1_principal-can-mia-casa-768x512.jpg",768,512,true],"large":["https:\/\/opening-doors.eu\/wp-content\/uploads\/2024\/10\/1_principal-can-mia-casa-1024x683.jpg",1024,683,true],"1536x1536":["https:\/\/opening-doors.eu\/wp-content\/uploads\/2024\/10\/1_principal-can-mia-casa-1536x1024.jpg",1536,1024,true],"2048x2048":["https:\/\/opening-doors.eu\/wp-content\/uploads\/2024\/10\/1_principal-can-mia-casa-2048x1365.jpg",2048,1365,true],"trp-custom-language-flag":["https:\/\/opening-doors.eu\/wp-content\/uploads\/2024\/10\/1_principal-can-mia-casa-scaled.jpg",18,12,false]},"uagb_author_info":{"display_name":"admin","author_link":"https:\/\/opening-doors.eu\/ca\/author\/"},"uagb_comment_info":0,"uagb_excerpt":null,"_links":{"self":[{"href":"https:\/\/opening-doors.eu\/ca\/wp-json\/wp\/v2\/apartamentos\/3062","targetHints":{"allow":["GET"]}}],"collection":[{"href":"https:\/\/opening-doors.eu\/ca\/wp-json\/wp\/v2\/apartamentos"}],"about":[{"href":"https:\/\/opening-doors.eu\/ca\/wp-json\/wp\/v2\/types\/apartamentos"}],"wp:featuredmedia":[{"embeddable":true,"href":"https:\/\/opening-doors.eu\/ca\/wp-json\/wp\/v2\/media\/3882"}],"wp:attachment":[{"href":"https:\/\/opening-doors.eu\/ca\/wp-json\/wp\/v2\/media?parent=3062"}],"wp:term":[{"taxonomy":"alquiler-temporada","embeddable":true,"href":"https:\/\/opening-doors.eu\/ca\/wp-json\/wp\/v2\/alquiler-temporada?post=3062"},{"taxonomy":"venta","embeddable":true,"href":"https:\/\/opening-doors.eu\/ca\/wp-json\/wp\/v2\/venta?post=3062"}],"curies":[{"name":"wp","href":"https:\/\/api.w.org\/{rel}","templated":true}]}}

Can Mía

<!-- This site is optimized with the Yoast SEO plugin v27.2 - https://yoast.com/product/yoast-seo-wordpress/ -->
<title>Can Mía - Casa en venta ubicada en la Vall d’en Bas Opening Doors</title>
<meta name="description" content="Se vende esta magnífica casa de 690 m2 distribuidos en 3 plantas en Sant Esteve d&#039;en Bas, ideal tanto para vivir como para inversión." />
<meta name="robots" content="index, follow, max-snippet:-1, max-image-preview:large, max-video-preview:-1" />
<link rel="canonical" href="https://opening-doors.eu/ca/apartaments/can-mia/" />
<meta property="og:locale" content="ca_ES" />
<meta property="og:type" content="article" />
<meta property="og:title" content="Can Mía - Casa en venta ubicada en la Vall d’en Bas Opening Doors" />
<meta property="og:description" content="Se vende esta magnífica casa de 690 m2 distribuidos en 3 plantas en Sant Esteve d&#039;en Bas, ideal tanto para vivir como para inversión." />
<meta property="og:url" content="https://opening-doors.eu/ca/apartaments/can-mia/" />
<meta property="og:site_name" content="Opening Doors" />
<meta property="article:modified_time" content="2025-03-12T18:43:37+00:00" />
<meta property="og:image" content="https://opening-doors.eu/wp-content/uploads/2024/10/1_principal-can-mia-casa-scaled.jpg" />
	<meta property="og:image:width" content="2560" />
	<meta property="og:image:height" content="1707" />
	<meta property="og:image:type" content="image/jpeg" />
<meta name="twitter:card" content="summary_large_image" />
<meta name="twitter:label1" content="Temps estimat de lectura" />
	<meta name="twitter:data1" content="2 minuts" />
<script type="application/ld+json" class="yoast-schema-graph">{"@context":"https://schema.org","@graph":[{"@type":"WebPage","@id":"https://opening-doors.eu/apartamentos/can-mia/","url":"https://opening-doors.eu/apartamentos/can-mia/","name":"Can Mía - Casa en venta ubicada en la Vall d’en Bas Opening Doors","isPartOf":{"@id":"https://opening-doors.eu/#website"},"primaryImageOfPage":{"@id":"https://opening-doors.eu/apartamentos/can-mia/#primaryimage"},"image":{"@id":"https://opening-doors.eu/apartamentos/can-mia/#primaryimage"},"thumbnailUrl":"https://opening-doors.eu/wp-content/uploads/2024/10/1_principal-can-mia-casa-scaled.jpg","datePublished":"2024-10-30T18:06:24+00:00","dateModified":"2025-03-12T18:43:37+00:00","description":"Se vende esta magnífica casa de 690 m2 distribuidos en 3 plantas en Sant Esteve d'en Bas, ideal tanto para vivir como para inversión.","breadcrumb":{"@id":"https://opening-doors.eu/apartamentos/can-mia/#breadcrumb"},"inLanguage":"ca","potentialAction":[{"@type":"ReadAction","target":["https://opening-doors.eu/apartamentos/can-mia/"]}]},{"@type":"ImageObject","inLanguage":"ca","@id":"https://opening-doors.eu/apartamentos/can-mia/#primaryimage","url":"https://opening-doors.eu/wp-content/uploads/2024/10/1_principal-can-mia-casa-scaled.jpg","contentUrl":"https://opening-doors.eu/wp-content/uploads/2024/10/1_principal-can-mia-casa-scaled.jpg","width":2560,"height":1707,"caption":"ASCII Kolor stitching | 6 pictures | Size: 7000 x 4667 | Lens: Standard | RMS: 3.67 | FOV: 81.17 x 59.57 ~ -2.43 | Projection: Planar | Color: LDR |"},{"@type":"BreadcrumbList","@id":"https://opening-doors.eu/apartamentos/can-mia/#breadcrumb","itemListElement":[{"@type":"ListItem","position":1,"name":"Inicio","item":"https://opening-doors.eu/"},{"@type":"ListItem","position":2,"name":"Apartamentos","item":"https://opening-doors.eu/apartamentos/"},{"@type":"ListItem","position":3,"name":"Can Mía"}]},{"@type":"WebSite","@id":"https://opening-doors.eu/#website","url":"https://opening-doors.eu/","name":"Opening Doors","description":"","publisher":{"@id":"https://opening-doors.eu/#organization"},"potentialAction":[{"@type":"SearchAction","target":{"@type":"EntryPoint","urlTemplate":"https://opening-doors.eu/?s={search_term_string}"},"query-input":{"@type":"PropertyValueSpecification","valueRequired":true,"valueName":"search_term_string"}}],"inLanguage":"ca"},{"@type":"Organization","@id":"https://opening-doors.eu/#organization","name":"Opening Doors","url":"https://opening-doors.eu/","logo":{"@type":"ImageObject","inLanguage":"ca","@id":"https://opening-doors.eu/#/schema/logo/image/","url":"https://opening-doors.eu/wp-content/uploads/2026/04/logo_OD_web_02.png","contentUrl":"https://opening-doors.eu/wp-content/uploads/2026/04/logo_OD_web_02.png","width":215,"height":108,"caption":"Opening Doors"},"image":{"@id":"https://opening-doors.eu/#/schema/logo/image/"}}]}</script>
<!-- / Yoast SEO plugin. -->

Can Mía - Casa en venda ubicada a la Vall d&#039;en Bas Opening Doors

Es ven aquesta magnífica casa de 690 m2 distribuïts en 3 plantes a Sant Esteve d&#039;en Bas, ideal tant per viure com per inversió.

Can Mía - Casa en venta ubicada en la Vall d’en Bas Opening Doors

Se vende esta magnífica casa de 690 m2 distribuidos en 3 plantas en Sant Esteve d'en Bas, ideal tanto para vivir como para inversión.
