{"id":463,"date":"2025-09-18T21:54:00","date_gmt":"2025-09-18T21:54:00","guid":{"rendered":"https:\/\/opening-doors.eu\/?post_type=apartamentos&#038;p=463"},"modified":"2026-02-02T09:07:18","modified_gmt":"2026-02-02T09:07:18","slug":"opening-doors-urquinaona","status":"publish","type":"apartamentos","link":"https:\/\/opening-doors.eu\/fr\/appartements\/opening-doors-urquinaona\/","title":{"rendered":"Opening Doors Urquinaona"},"content":{"rendered":"","protected":false},"excerpt":{"rendered":"","protected":false},"featured_media":3360,"parent":0,"menu_order":0,"template":"","format":"standard","meta":{"_uag_custom_page_level_css":"","site-sidebar-layout":"default","site-content-layout":"","ast-site-content-layout":"full-width-container","site-content-style":"default","site-sidebar-style":"default","ast-global-header-display":"","ast-banner-title-visibility":"","ast-main-header-display":"","ast-hfb-above-header-display":"","ast-hfb-below-header-display":"","ast-hfb-mobile-header-display":"","site-post-title":"","ast-breadcrumbs-content":"","ast-featured-img":"","footer-sml-layout":"","ast-disable-related-posts":"","theme-transparent-header-meta":"default","adv-header-id-meta":"","stick-header-meta":"default","header-above-stick-meta":"","header-main-stick-meta":"","header-below-stick-meta":"","astra-migrate-meta-layouts":"set","ast-page-background-enabled":"default","ast-page-background-meta":{"desktop":{"background-color":"var(--ast-global-color-4)","background-image":"","background-repeat":"repeat","background-position":"center center","background-size":"auto","background-attachment":"scroll","background-type":"","background-media":"","overlay-type":"","overlay-color":"","overlay-opacity":"","overlay-gradient":""},"tablet":{"background-color":"","background-image":"","background-repeat":"repeat","background-position":"center center","background-size":"auto","background-attachment":"scroll","background-type":"","background-media":"","overlay-type":"","overlay-color":"","overlay-opacity":"","overlay-gradient":""},"mobile":{"background-color":"","background-image":"","background-repeat":"repeat","background-position":"center center","background-size":"auto","background-attachment":"scroll","background-type":"","background-media":"","overlay-type":"","overlay-color":"","overlay-opacity":"","overlay-gradient":""}},"ast-content-background-meta":{"desktop":{"background-color":"var(--ast-global-color-5)","background-image":"","background-repeat":"repeat","background-position":"center center","background-size":"auto","background-attachment":"scroll","background-type":"","background-media":"","overlay-type":"","overlay-color":"","overlay-opacity":"","overlay-gradient":""},"tablet":{"background-color":"var(--ast-global-color-5)","background-image":"","background-repeat":"repeat","background-position":"center center","background-size":"auto","background-attachment":"scroll","background-type":"","background-media":"","overlay-type":"","overlay-color":"","overlay-opacity":"","overlay-gradient":""},"mobile":{"background-color":"var(--ast-global-color-5)","background-image":"","background-repeat":"repeat","background-position":"center center","background-size":"auto","background-attachment":"scroll","background-type":"","background-media":"","overlay-type":"","overlay-color":"","overlay-opacity":"","overlay-gradient":""}}},"alquiler-temporada":[6],"venta":[],"class_list":["post-463","apartamentos","type-apartamentos","status-publish","format-standard","has-post-thumbnail","hentry","alquiler-temporada-barcelona"],"yoast_head":"<!-- This site is optimized with the Yoast SEO plugin v27.2 - https:\/\/yoast.com\/product\/yoast-seo-wordpress\/ -->\n<title>Opening Doors Urquinaona - Alquiler de temporada en Barcelona<\/title>\n<meta name=\"description\" content=\"Apartamento moderno y luminoso en pleno centro de Barcelona. A 25 metros de Plaza Urquinaona y 150 metros de plaza Catalu\u00f1a.\" \/>\n<meta name=\"robots\" content=\"index, follow, max-snippet:-1, max-image-preview:large, max-video-preview:-1\" \/>\n<link rel=\"canonical\" href=\"https:\/\/opening-doors.eu\/fr\/appartements\/opening-doors-urquinaona\/\" \/>\n<meta property=\"og:locale\" content=\"fr_FR\" \/>\n<meta property=\"og:type\" content=\"article\" \/>\n<meta property=\"og:title\" content=\"Opening Doors Urquinaona - Alquiler de temporada en Barcelona\" \/>\n<meta property=\"og:description\" content=\"Apartamento moderno y luminoso en pleno centro de Barcelona. A 25 metros de Plaza Urquinaona y 150 metros de plaza Catalu\u00f1a.\" \/>\n<meta property=\"og:url\" content=\"https:\/\/opening-doors.eu\/fr\/appartements\/opening-doors-urquinaona\/\" \/>\n<meta property=\"og:site_name\" content=\"Opening Doors\" \/>\n<meta property=\"article:modified_time\" content=\"2026-02-02T09:07:18+00:00\" \/>\n<meta property=\"og:image\" content=\"https:\/\/opening-doors.eu\/wp-content\/uploads\/2024\/09\/1-Principal-Urquinaona.jpg\" \/>\n\t<meta property=\"og:image:width\" content=\"1600\" \/>\n\t<meta property=\"og:image:height\" content=\"1200\" \/>\n\t<meta property=\"og:image:type\" content=\"image\/jpeg\" \/>\n<meta name=\"twitter:card\" content=\"summary_large_image\" \/>\n<meta name=\"twitter:label1\" content=\"Dur\u00e9e de lecture estim\u00e9e\" \/>\n\t<meta name=\"twitter:data1\" content=\"2 minutes\" \/>\n<script type=\"application\/ld+json\" class=\"yoast-schema-graph\">{\"@context\":\"https:\/\/schema.org\",\"@graph\":[{\"@type\":\"WebPage\",\"@id\":\"https:\/\/opening-doors.eu\/apartamentos\/opening-doors-urquinaona\/\",\"url\":\"https:\/\/opening-doors.eu\/apartamentos\/opening-doors-urquinaona\/\",\"name\":\"Opening Doors Urquinaona - Alquiler de temporada en Barcelona\",\"isPartOf\":{\"@id\":\"https:\/\/opening-doors.eu\/#website\"},\"primaryImageOfPage\":{\"@id\":\"https:\/\/opening-doors.eu\/apartamentos\/opening-doors-urquinaona\/#primaryimage\"},\"image\":{\"@id\":\"https:\/\/opening-doors.eu\/apartamentos\/opening-doors-urquinaona\/#primaryimage\"},\"thumbnailUrl\":\"https:\/\/opening-doors.eu\/wp-content\/uploads\/2024\/09\/1-Principal-Urquinaona.jpg\",\"datePublished\":\"2025-09-18T21:54:00+00:00\",\"dateModified\":\"2026-02-02T09:07:18+00:00\",\"description\":\"Apartamento moderno y luminoso en pleno centro de Barcelona. A 25 metros de Plaza Urquinaona y 150 metros de plaza Catalu\u00f1a.\",\"breadcrumb\":{\"@id\":\"https:\/\/opening-doors.eu\/apartamentos\/opening-doors-urquinaona\/#breadcrumb\"},\"inLanguage\":\"fr-FR\",\"potentialAction\":[{\"@type\":\"ReadAction\",\"target\":[\"https:\/\/opening-doors.eu\/apartamentos\/opening-doors-urquinaona\/\"]}]},{\"@type\":\"ImageObject\",\"inLanguage\":\"fr-FR\",\"@id\":\"https:\/\/opening-doors.eu\/apartamentos\/opening-doors-urquinaona\/#primaryimage\",\"url\":\"https:\/\/opening-doors.eu\/wp-content\/uploads\/2024\/09\/1-Principal-Urquinaona.jpg\",\"contentUrl\":\"https:\/\/opening-doors.eu\/wp-content\/uploads\/2024\/09\/1-Principal-Urquinaona.jpg\",\"width\":1600,\"height\":1200},{\"@type\":\"BreadcrumbList\",\"@id\":\"https:\/\/opening-doors.eu\/apartamentos\/opening-doors-urquinaona\/#breadcrumb\",\"itemListElement\":[{\"@type\":\"ListItem\",\"position\":1,\"name\":\"Inicio\",\"item\":\"https:\/\/opening-doors.eu\/\"},{\"@type\":\"ListItem\",\"position\":2,\"name\":\"Apartamentos\",\"item\":\"https:\/\/opening-doors.eu\/apartamentos\/\"},{\"@type\":\"ListItem\",\"position\":3,\"name\":\"Barcelona\",\"item\":\"https:\/\/opening-doors.eu\/alquiler-temporada\/barcelona\/\"},{\"@type\":\"ListItem\",\"position\":4,\"name\":\"Opening Doors Urquinaona\"}]},{\"@type\":\"WebSite\",\"@id\":\"https:\/\/opening-doors.eu\/#website\",\"url\":\"https:\/\/opening-doors.eu\/\",\"name\":\"Opening Doors\",\"description\":\"\",\"publisher\":{\"@id\":\"https:\/\/opening-doors.eu\/#organization\"},\"potentialAction\":[{\"@type\":\"SearchAction\",\"target\":{\"@type\":\"EntryPoint\",\"urlTemplate\":\"https:\/\/opening-doors.eu\/?s={search_term_string}\"},\"query-input\":{\"@type\":\"PropertyValueSpecification\",\"valueRequired\":true,\"valueName\":\"search_term_string\"}}],\"inLanguage\":\"fr-FR\"},{\"@type\":\"Organization\",\"@id\":\"https:\/\/opening-doors.eu\/#organization\",\"name\":\"Opening Doors\",\"url\":\"https:\/\/opening-doors.eu\/\",\"logo\":{\"@type\":\"ImageObject\",\"inLanguage\":\"fr-FR\",\"@id\":\"https:\/\/opening-doors.eu\/#\/schema\/logo\/image\/\",\"url\":\"https:\/\/opening-doors.eu\/wp-content\/uploads\/2026\/04\/logo_OD_web_02.png\",\"contentUrl\":\"https:\/\/opening-doors.eu\/wp-content\/uploads\/2026\/04\/logo_OD_web_02.png\",\"width\":215,\"height\":108,\"caption\":\"Opening Doors\"},\"image\":{\"@id\":\"https:\/\/opening-doors.eu\/#\/schema\/logo\/image\/\"}}]}<\/script>\n<!-- \/ Yoast SEO plugin. -->","yoast_head_json":{"title":"Ouverture des Portes Urquinaona - Location saisonni\u00e8re \u00e0 Barcelone","description":"Appartement moderne et lumineux au coeur de Barcelone. \u00c0 25 m\u00e8tres de la Plaza Urquinaona et \u00e0 150 m\u00e8tres de la Plaza Catalu\u00f1a.","robots":{"index":"index","follow":"follow","max-snippet":"max-snippet:-1","max-image-preview":"max-image-preview:large","max-video-preview":"max-video-preview:-1"},"canonical":"https:\/\/opening-doors.eu\/fr\/appartements\/opening-doors-urquinaona\/","og_locale":"fr_FR","og_type":"article","og_title":"Opening Doors Urquinaona - Alquiler de temporada en Barcelona","og_description":"Apartamento moderno y luminoso en pleno centro de Barcelona. A 25 metros de Plaza Urquinaona y 150 metros de plaza Catalu\u00f1a.","og_url":"https:\/\/opening-doors.eu\/fr\/appartements\/opening-doors-urquinaona\/","og_site_name":"Opening Doors","article_modified_time":"2026-02-02T09:07:18+00:00","og_image":[{"width":1600,"height":1200,"url":"https:\/\/opening-doors.eu\/wp-content\/uploads\/2024\/09\/1-Principal-Urquinaona.jpg","type":"image\/jpeg"}],"twitter_card":"summary_large_image","twitter_misc":{"Dur\u00e9e de lecture estim\u00e9e":"2 minutes"},"schema":{"@context":"https:\/\/schema.org","@graph":[{"@type":"WebPage","@id":"https:\/\/opening-doors.eu\/apartamentos\/opening-doors-urquinaona\/","url":"https:\/\/opening-doors.eu\/apartamentos\/opening-doors-urquinaona\/","name":"Ouverture des Portes Urquinaona - Location saisonni\u00e8re \u00e0 Barcelone","isPartOf":{"@id":"https:\/\/opening-doors.eu\/#website"},"primaryImageOfPage":{"@id":"https:\/\/opening-doors.eu\/apartamentos\/opening-doors-urquinaona\/#primaryimage"},"image":{"@id":"https:\/\/opening-doors.eu\/apartamentos\/opening-doors-urquinaona\/#primaryimage"},"thumbnailUrl":"https:\/\/opening-doors.eu\/wp-content\/uploads\/2024\/09\/1-Principal-Urquinaona.jpg","datePublished":"2025-09-18T21:54:00+00:00","dateModified":"2026-02-02T09:07:18+00:00","description":"Appartement moderne et lumineux au coeur de Barcelone. \u00c0 25 m\u00e8tres de la Plaza Urquinaona et \u00e0 150 m\u00e8tres de la Plaza Catalu\u00f1a.","breadcrumb":{"@id":"https:\/\/opening-doors.eu\/apartamentos\/opening-doors-urquinaona\/#breadcrumb"},"inLanguage":"fr-FR","potentialAction":[{"@type":"ReadAction","target":["https:\/\/opening-doors.eu\/apartamentos\/opening-doors-urquinaona\/"]}]},{"@type":"ImageObject","inLanguage":"fr-FR","@id":"https:\/\/opening-doors.eu\/apartamentos\/opening-doors-urquinaona\/#primaryimage","url":"https:\/\/opening-doors.eu\/wp-content\/uploads\/2024\/09\/1-Principal-Urquinaona.jpg","contentUrl":"https:\/\/opening-doors.eu\/wp-content\/uploads\/2024\/09\/1-Principal-Urquinaona.jpg","width":1600,"height":1200},{"@type":"BreadcrumbList","@id":"https:\/\/opening-doors.eu\/apartamentos\/opening-doors-urquinaona\/#breadcrumb","itemListElement":[{"@type":"ListItem","position":1,"name":"Inicio","item":"https:\/\/opening-doors.eu\/"},{"@type":"ListItem","position":2,"name":"Apartamentos","item":"https:\/\/opening-doors.eu\/apartamentos\/"},{"@type":"ListItem","position":3,"name":"Barcelona","item":"https:\/\/opening-doors.eu\/alquiler-temporada\/barcelona\/"},{"@type":"ListItem","position":4,"name":"Opening Doors Urquinaona"}]},{"@type":"WebSite","@id":"https:\/\/opening-doors.eu\/#website","url":"https:\/\/opening-doors.eu\/","name":"Opening Doors","description":"","publisher":{"@id":"https:\/\/opening-doors.eu\/#organization"},"potentialAction":[{"@type":"SearchAction","target":{"@type":"EntryPoint","urlTemplate":"https:\/\/opening-doors.eu\/?s={search_term_string}"},"query-input":{"@type":"PropertyValueSpecification","valueRequired":true,"valueName":"search_term_string"}}],"inLanguage":"fr-FR"},{"@type":"Organization","@id":"https:\/\/opening-doors.eu\/#organization","name":"Opening Doors","url":"https:\/\/opening-doors.eu\/","logo":{"@type":"ImageObject","inLanguage":"fr-FR","@id":"https:\/\/opening-doors.eu\/#\/schema\/logo\/image\/","url":"https:\/\/opening-doors.eu\/wp-content\/uploads\/2026\/04\/logo_OD_web_02.png","contentUrl":"https:\/\/opening-doors.eu\/wp-content\/uploads\/2026\/04\/logo_OD_web_02.png","width":215,"height":108,"caption":"Opening Doors"},"image":{"@id":"https:\/\/opening-doors.eu\/#\/schema\/logo\/image\/"}}]}},"uagb_featured_image_src":{"full":["https:\/\/opening-doors.eu\/wp-content\/uploads\/2024\/09\/1-Principal-Urquinaona.jpg",1600,1200,false],"thumbnail":["https:\/\/opening-doors.eu\/wp-content\/uploads\/2024\/09\/1-Principal-Urquinaona-150x150.jpg",150,150,true],"medium":["https:\/\/opening-doors.eu\/wp-content\/uploads\/2024\/09\/1-Principal-Urquinaona-300x225.jpg",300,225,true],"medium_large":["https:\/\/opening-doors.eu\/wp-content\/uploads\/2024\/09\/1-Principal-Urquinaona-768x576.jpg",768,576,true],"large":["https:\/\/opening-doors.eu\/wp-content\/uploads\/2024\/09\/1-Principal-Urquinaona-1024x768.jpg",1024,768,true],"1536x1536":["https:\/\/opening-doors.eu\/wp-content\/uploads\/2024\/09\/1-Principal-Urquinaona-1536x1152.jpg",1536,1152,true],"2048x2048":["https:\/\/opening-doors.eu\/wp-content\/uploads\/2024\/09\/1-Principal-Urquinaona.jpg",1600,1200,false],"trp-custom-language-flag":["https:\/\/opening-doors.eu\/wp-content\/uploads\/2024\/09\/1-Principal-Urquinaona.jpg",16,12,false]},"uagb_author_info":{"display_name":"admin","author_link":"https:\/\/opening-doors.eu\/fr\/author\/"},"uagb_comment_info":0,"uagb_excerpt":null,"_links":{"self":[{"href":"https:\/\/opening-doors.eu\/fr\/wp-json\/wp\/v2\/apartamentos\/463","targetHints":{"allow":["GET"]}}],"collection":[{"href":"https:\/\/opening-doors.eu\/fr\/wp-json\/wp\/v2\/apartamentos"}],"about":[{"href":"https:\/\/opening-doors.eu\/fr\/wp-json\/wp\/v2\/types\/apartamentos"}],"wp:featuredmedia":[{"embeddable":true,"href":"https:\/\/opening-doors.eu\/fr\/wp-json\/wp\/v2\/media\/3360"}],"wp:attachment":[{"href":"https:\/\/opening-doors.eu\/fr\/wp-json\/wp\/v2\/media?parent=463"}],"wp:term":[{"taxonomy":"alquiler-temporada","embeddable":true,"href":"https:\/\/opening-doors.eu\/fr\/wp-json\/wp\/v2\/alquiler-temporada?post=463"},{"taxonomy":"venta","embeddable":true,"href":"https:\/\/opening-doors.eu\/fr\/wp-json\/wp\/v2\/venta?post=463"}],"curies":[{"name":"wp","href":"https:\/\/api.w.org\/{rel}","templated":true}]}}

<!-- This site is optimized with the Yoast SEO plugin v27.2 - https://yoast.com/product/yoast-seo-wordpress/ -->
<title>Opening Doors Urquinaona - Alquiler de temporada en Barcelona</title>
<meta name="description" content="Apartamento moderno y luminoso en pleno centro de Barcelona. A 25 metros de Plaza Urquinaona y 150 metros de plaza Cataluña." />
<meta name="robots" content="index, follow, max-snippet:-1, max-image-preview:large, max-video-preview:-1" />
<link rel="canonical" href="https://opening-doors.eu/fr/appartements/opening-doors-urquinaona/" />
<meta property="og:locale" content="fr_FR" />
<meta property="og:type" content="article" />
<meta property="og:title" content="Opening Doors Urquinaona - Alquiler de temporada en Barcelona" />
<meta property="og:description" content="Apartamento moderno y luminoso en pleno centro de Barcelona. A 25 metros de Plaza Urquinaona y 150 metros de plaza Cataluña." />
<meta property="og:url" content="https://opening-doors.eu/fr/appartements/opening-doors-urquinaona/" />
<meta property="og:site_name" content="Opening Doors" />
<meta property="article:modified_time" content="2026-02-02T09:07:18+00:00" />
<meta property="og:image" content="https://opening-doors.eu/wp-content/uploads/2024/09/1-Principal-Urquinaona.jpg" />
	<meta property="og:image:width" content="1600" />
	<meta property="og:image:height" content="1200" />
	<meta property="og:image:type" content="image/jpeg" />
<meta name="twitter:card" content="summary_large_image" />
<meta name="twitter:label1" content="Durée de lecture estimée" />
	<meta name="twitter:data1" content="2 minutes" />
<script type="application/ld+json" class="yoast-schema-graph">{"@context":"https://schema.org","@graph":[{"@type":"WebPage","@id":"https://opening-doors.eu/apartamentos/opening-doors-urquinaona/","url":"https://opening-doors.eu/apartamentos/opening-doors-urquinaona/","name":"Opening Doors Urquinaona - Alquiler de temporada en Barcelona","isPartOf":{"@id":"https://opening-doors.eu/#website"},"primaryImageOfPage":{"@id":"https://opening-doors.eu/apartamentos/opening-doors-urquinaona/#primaryimage"},"image":{"@id":"https://opening-doors.eu/apartamentos/opening-doors-urquinaona/#primaryimage"},"thumbnailUrl":"https://opening-doors.eu/wp-content/uploads/2024/09/1-Principal-Urquinaona.jpg","datePublished":"2025-09-18T21:54:00+00:00","dateModified":"2026-02-02T09:07:18+00:00","description":"Apartamento moderno y luminoso en pleno centro de Barcelona. A 25 metros de Plaza Urquinaona y 150 metros de plaza Cataluña.","breadcrumb":{"@id":"https://opening-doors.eu/apartamentos/opening-doors-urquinaona/#breadcrumb"},"inLanguage":"fr-FR","potentialAction":[{"@type":"ReadAction","target":["https://opening-doors.eu/apartamentos/opening-doors-urquinaona/"]}]},{"@type":"ImageObject","inLanguage":"fr-FR","@id":"https://opening-doors.eu/apartamentos/opening-doors-urquinaona/#primaryimage","url":"https://opening-doors.eu/wp-content/uploads/2024/09/1-Principal-Urquinaona.jpg","contentUrl":"https://opening-doors.eu/wp-content/uploads/2024/09/1-Principal-Urquinaona.jpg","width":1600,"height":1200},{"@type":"BreadcrumbList","@id":"https://opening-doors.eu/apartamentos/opening-doors-urquinaona/#breadcrumb","itemListElement":[{"@type":"ListItem","position":1,"name":"Inicio","item":"https://opening-doors.eu/"},{"@type":"ListItem","position":2,"name":"Apartamentos","item":"https://opening-doors.eu/apartamentos/"},{"@type":"ListItem","position":3,"name":"Barcelona","item":"https://opening-doors.eu/alquiler-temporada/barcelona/"},{"@type":"ListItem","position":4,"name":"Opening Doors Urquinaona"}]},{"@type":"WebSite","@id":"https://opening-doors.eu/#website","url":"https://opening-doors.eu/","name":"Opening Doors","description":"","publisher":{"@id":"https://opening-doors.eu/#organization"},"potentialAction":[{"@type":"SearchAction","target":{"@type":"EntryPoint","urlTemplate":"https://opening-doors.eu/?s={search_term_string}"},"query-input":{"@type":"PropertyValueSpecification","valueRequired":true,"valueName":"search_term_string"}}],"inLanguage":"fr-FR"},{"@type":"Organization","@id":"https://opening-doors.eu/#organization","name":"Opening Doors","url":"https://opening-doors.eu/","logo":{"@type":"ImageObject","inLanguage":"fr-FR","@id":"https://opening-doors.eu/#/schema/logo/image/","url":"https://opening-doors.eu/wp-content/uploads/2026/04/logo_OD_web_02.png","contentUrl":"https://opening-doors.eu/wp-content/uploads/2026/04/logo_OD_web_02.png","width":215,"height":108,"caption":"Opening Doors"},"image":{"@id":"https://opening-doors.eu/#/schema/logo/image/"}}]}</script>
<!-- / Yoast SEO plugin. -->

Ouverture des Portes Urquinaona - Location saisonnière à Barcelone

Appartement moderne et lumineux au coeur de Barcelone. À 25 mètres de la Plaza Urquinaona et à 150 mètres de la Plaza Cataluña.

Apartamento moderno y luminoso en pleno centro de Barcelona. A 25 metros de Plaza Urquinaona y 150 metros de plaza Cataluña.
