{"id":5734,"date":"2023-04-16T10:33:00","date_gmt":"2023-04-16T10:33:00","guid":{"rendered":"https:\/\/opening-doors.eu\/?post_type=apartamentos&#038;p=5734"},"modified":"2026-02-02T09:34:29","modified_gmt":"2026-02-02T09:34:29","slug":"opening-doors-sagrera","status":"publish","type":"apartamentos","link":"https:\/\/opening-doors.eu\/fr\/appartements\/opening-doors-sagrera\/","title":{"rendered":"Opening Doors Sagrera"},"content":{"rendered":"","protected":false},"excerpt":{"rendered":"","protected":false},"featured_media":5739,"parent":0,"menu_order":0,"template":"","format":"standard","meta":{"_uag_custom_page_level_css":"","site-sidebar-layout":"default","site-content-layout":"","ast-site-content-layout":"default","site-content-style":"default","site-sidebar-style":"default","ast-global-header-display":"","ast-banner-title-visibility":"","ast-main-header-display":"","ast-hfb-above-header-display":"","ast-hfb-below-header-display":"","ast-hfb-mobile-header-display":"","site-post-title":"","ast-breadcrumbs-content":"","ast-featured-img":"","footer-sml-layout":"","ast-disable-related-posts":"","theme-transparent-header-meta":"","adv-header-id-meta":"","stick-header-meta":"","header-above-stick-meta":"","header-main-stick-meta":"","header-below-stick-meta":"","astra-migrate-meta-layouts":"default","ast-page-background-enabled":"default","ast-page-background-meta":{"desktop":{"background-color":"var(--ast-global-color-4)","background-image":"","background-repeat":"repeat","background-position":"center center","background-size":"auto","background-attachment":"scroll","background-type":"","background-media":"","overlay-type":"","overlay-color":"","overlay-opacity":"","overlay-gradient":""},"tablet":{"background-color":"","background-image":"","background-repeat":"repeat","background-position":"center center","background-size":"auto","background-attachment":"scroll","background-type":"","background-media":"","overlay-type":"","overlay-color":"","overlay-opacity":"","overlay-gradient":""},"mobile":{"background-color":"","background-image":"","background-repeat":"repeat","background-position":"center center","background-size":"auto","background-attachment":"scroll","background-type":"","background-media":"","overlay-type":"","overlay-color":"","overlay-opacity":"","overlay-gradient":""}},"ast-content-background-meta":{"desktop":{"background-color":"var(--ast-global-color-5)","background-image":"","background-repeat":"repeat","background-position":"center center","background-size":"auto","background-attachment":"scroll","background-type":"","background-media":"","overlay-type":"","overlay-color":"","overlay-opacity":"","overlay-gradient":""},"tablet":{"background-color":"var(--ast-global-color-5)","background-image":"","background-repeat":"repeat","background-position":"center center","background-size":"auto","background-attachment":"scroll","background-type":"","background-media":"","overlay-type":"","overlay-color":"","overlay-opacity":"","overlay-gradient":""},"mobile":{"background-color":"var(--ast-global-color-5)","background-image":"","background-repeat":"repeat","background-position":"center center","background-size":"auto","background-attachment":"scroll","background-type":"","background-media":"","overlay-type":"","overlay-color":"","overlay-opacity":"","overlay-gradient":""}}},"alquiler-temporada":[6],"venta":[],"class_list":["post-5734","apartamentos","type-apartamentos","status-publish","format-standard","has-post-thumbnail","hentry","alquiler-temporada-barcelona"],"yoast_head":"<!-- This site is optimized with the Yoast SEO plugin v27.2 - https:\/\/yoast.com\/product\/yoast-seo-wordpress\/ -->\n<title>Opening Doors Sagrera - Opening Doors<\/title>\n<meta name=\"description\" content=\"Luminoso piso amueblado en La Sagrera, 2 hab., ideal para empresas o estudiantes. Totalmente equipado y bien conectado.\" \/>\n<meta name=\"robots\" content=\"index, follow, max-snippet:-1, max-image-preview:large, max-video-preview:-1\" \/>\n<link rel=\"canonical\" href=\"https:\/\/opening-doors.eu\/fr\/appartements\/opening-doors-sagrera\/\" \/>\n<meta property=\"og:locale\" content=\"fr_FR\" \/>\n<meta property=\"og:type\" content=\"article\" \/>\n<meta property=\"og:title\" content=\"Opening Doors Sagrera - Opening Doors\" \/>\n<meta property=\"og:description\" content=\"Luminoso piso amueblado en La Sagrera, 2 hab., ideal para empresas o estudiantes. Totalmente equipado y bien conectado.\" \/>\n<meta property=\"og:url\" content=\"https:\/\/opening-doors.eu\/fr\/appartements\/opening-doors-sagrera\/\" \/>\n<meta property=\"og:site_name\" content=\"Opening Doors\" \/>\n<meta property=\"article:modified_time\" content=\"2026-02-02T09:34:29+00:00\" \/>\n<meta property=\"og:image\" content=\"https:\/\/opening-doors.eu\/wp-content\/uploads\/2025\/04\/1.-Dorm-5-scaled.jpg\" \/>\n\t<meta property=\"og:image:width\" content=\"2560\" \/>\n\t<meta property=\"og:image:height\" content=\"1441\" \/>\n\t<meta property=\"og:image:type\" content=\"image\/jpeg\" \/>\n<meta name=\"twitter:card\" content=\"summary_large_image\" \/>\n<meta name=\"twitter:label1\" content=\"Dur\u00e9e de lecture estim\u00e9e\" \/>\n\t<meta name=\"twitter:data1\" content=\"2 minutes\" \/>\n<script type=\"application\/ld+json\" class=\"yoast-schema-graph\">{\"@context\":\"https:\/\/schema.org\",\"@graph\":[{\"@type\":\"WebPage\",\"@id\":\"https:\/\/opening-doors.eu\/apartamentos\/opening-doors-sagrera\/\",\"url\":\"https:\/\/opening-doors.eu\/apartamentos\/opening-doors-sagrera\/\",\"name\":\"Opening Doors Sagrera - Opening Doors\",\"isPartOf\":{\"@id\":\"https:\/\/opening-doors.eu\/#website\"},\"primaryImageOfPage\":{\"@id\":\"https:\/\/opening-doors.eu\/apartamentos\/opening-doors-sagrera\/#primaryimage\"},\"image\":{\"@id\":\"https:\/\/opening-doors.eu\/apartamentos\/opening-doors-sagrera\/#primaryimage\"},\"thumbnailUrl\":\"https:\/\/opening-doors.eu\/wp-content\/uploads\/2025\/04\/1.-Dorm-5-scaled.jpg\",\"datePublished\":\"2023-04-16T10:33:00+00:00\",\"dateModified\":\"2026-02-02T09:34:29+00:00\",\"description\":\"Luminoso piso amueblado en La Sagrera, 2 hab., ideal para empresas o estudiantes. Totalmente equipado y bien conectado.\",\"breadcrumb\":{\"@id\":\"https:\/\/opening-doors.eu\/apartamentos\/opening-doors-sagrera\/#breadcrumb\"},\"inLanguage\":\"fr-FR\",\"potentialAction\":[{\"@type\":\"ReadAction\",\"target\":[\"https:\/\/opening-doors.eu\/apartamentos\/opening-doors-sagrera\/\"]}]},{\"@type\":\"ImageObject\",\"inLanguage\":\"fr-FR\",\"@id\":\"https:\/\/opening-doors.eu\/apartamentos\/opening-doors-sagrera\/#primaryimage\",\"url\":\"https:\/\/opening-doors.eu\/wp-content\/uploads\/2025\/04\/1.-Dorm-5-scaled.jpg\",\"contentUrl\":\"https:\/\/opening-doors.eu\/wp-content\/uploads\/2025\/04\/1.-Dorm-5-scaled.jpg\",\"width\":2560,\"height\":1441},{\"@type\":\"BreadcrumbList\",\"@id\":\"https:\/\/opening-doors.eu\/apartamentos\/opening-doors-sagrera\/#breadcrumb\",\"itemListElement\":[{\"@type\":\"ListItem\",\"position\":1,\"name\":\"Inicio\",\"item\":\"https:\/\/opening-doors.eu\/\"},{\"@type\":\"ListItem\",\"position\":2,\"name\":\"Apartamentos\",\"item\":\"https:\/\/opening-doors.eu\/apartamentos\/\"},{\"@type\":\"ListItem\",\"position\":3,\"name\":\"Barcelona\",\"item\":\"https:\/\/opening-doors.eu\/alquiler-temporada\/barcelona\/\"},{\"@type\":\"ListItem\",\"position\":4,\"name\":\"Opening Doors Sagrera\"}]},{\"@type\":\"WebSite\",\"@id\":\"https:\/\/opening-doors.eu\/#website\",\"url\":\"https:\/\/opening-doors.eu\/\",\"name\":\"Opening Doors\",\"description\":\"\",\"publisher\":{\"@id\":\"https:\/\/opening-doors.eu\/#organization\"},\"potentialAction\":[{\"@type\":\"SearchAction\",\"target\":{\"@type\":\"EntryPoint\",\"urlTemplate\":\"https:\/\/opening-doors.eu\/?s={search_term_string}\"},\"query-input\":{\"@type\":\"PropertyValueSpecification\",\"valueRequired\":true,\"valueName\":\"search_term_string\"}}],\"inLanguage\":\"fr-FR\"},{\"@type\":\"Organization\",\"@id\":\"https:\/\/opening-doors.eu\/#organization\",\"name\":\"Opening Doors\",\"url\":\"https:\/\/opening-doors.eu\/\",\"logo\":{\"@type\":\"ImageObject\",\"inLanguage\":\"fr-FR\",\"@id\":\"https:\/\/opening-doors.eu\/#\/schema\/logo\/image\/\",\"url\":\"https:\/\/opening-doors.eu\/wp-content\/uploads\/2026\/04\/logo_OD_web_02.png\",\"contentUrl\":\"https:\/\/opening-doors.eu\/wp-content\/uploads\/2026\/04\/logo_OD_web_02.png\",\"width\":215,\"height\":108,\"caption\":\"Opening Doors\"},\"image\":{\"@id\":\"https:\/\/opening-doors.eu\/#\/schema\/logo\/image\/\"}}]}<\/script>\n<!-- \/ Yoast SEO plugin. -->","yoast_head_json":{"title":"Ouverture des portes Sagrera - Ouverture des portes","description":"Appartement lumineux et meubl\u00e9 de 2 chambres \u00e0 La Sagrera, id\u00e9al pour les entreprises ou les \u00e9tudiants. Enti\u00e8rement \u00e9quip\u00e9 et bien connect\u00e9.","robots":{"index":"index","follow":"follow","max-snippet":"max-snippet:-1","max-image-preview":"max-image-preview:large","max-video-preview":"max-video-preview:-1"},"canonical":"https:\/\/opening-doors.eu\/fr\/appartements\/opening-doors-sagrera\/","og_locale":"fr_FR","og_type":"article","og_title":"Opening Doors Sagrera - Opening Doors","og_description":"Luminoso piso amueblado en La Sagrera, 2 hab., ideal para empresas o estudiantes. Totalmente equipado y bien conectado.","og_url":"https:\/\/opening-doors.eu\/fr\/appartements\/opening-doors-sagrera\/","og_site_name":"Opening Doors","article_modified_time":"2026-02-02T09:34:29+00:00","og_image":[{"width":2560,"height":1441,"url":"https:\/\/opening-doors.eu\/wp-content\/uploads\/2025\/04\/1.-Dorm-5-scaled.jpg","type":"image\/jpeg"}],"twitter_card":"summary_large_image","twitter_misc":{"Dur\u00e9e de lecture estim\u00e9e":"2 minutes"},"schema":{"@context":"https:\/\/schema.org","@graph":[{"@type":"WebPage","@id":"https:\/\/opening-doors.eu\/apartamentos\/opening-doors-sagrera\/","url":"https:\/\/opening-doors.eu\/apartamentos\/opening-doors-sagrera\/","name":"Ouverture des portes Sagrera - Ouverture des portes","isPartOf":{"@id":"https:\/\/opening-doors.eu\/#website"},"primaryImageOfPage":{"@id":"https:\/\/opening-doors.eu\/apartamentos\/opening-doors-sagrera\/#primaryimage"},"image":{"@id":"https:\/\/opening-doors.eu\/apartamentos\/opening-doors-sagrera\/#primaryimage"},"thumbnailUrl":"https:\/\/opening-doors.eu\/wp-content\/uploads\/2025\/04\/1.-Dorm-5-scaled.jpg","datePublished":"2023-04-16T10:33:00+00:00","dateModified":"2026-02-02T09:34:29+00:00","description":"Appartement lumineux et meubl\u00e9 de 2 chambres \u00e0 La Sagrera, id\u00e9al pour les entreprises ou les \u00e9tudiants. Enti\u00e8rement \u00e9quip\u00e9 et bien connect\u00e9.","breadcrumb":{"@id":"https:\/\/opening-doors.eu\/apartamentos\/opening-doors-sagrera\/#breadcrumb"},"inLanguage":"fr-FR","potentialAction":[{"@type":"ReadAction","target":["https:\/\/opening-doors.eu\/apartamentos\/opening-doors-sagrera\/"]}]},{"@type":"ImageObject","inLanguage":"fr-FR","@id":"https:\/\/opening-doors.eu\/apartamentos\/opening-doors-sagrera\/#primaryimage","url":"https:\/\/opening-doors.eu\/wp-content\/uploads\/2025\/04\/1.-Dorm-5-scaled.jpg","contentUrl":"https:\/\/opening-doors.eu\/wp-content\/uploads\/2025\/04\/1.-Dorm-5-scaled.jpg","width":2560,"height":1441},{"@type":"BreadcrumbList","@id":"https:\/\/opening-doors.eu\/apartamentos\/opening-doors-sagrera\/#breadcrumb","itemListElement":[{"@type":"ListItem","position":1,"name":"Inicio","item":"https:\/\/opening-doors.eu\/"},{"@type":"ListItem","position":2,"name":"Apartamentos","item":"https:\/\/opening-doors.eu\/apartamentos\/"},{"@type":"ListItem","position":3,"name":"Barcelona","item":"https:\/\/opening-doors.eu\/alquiler-temporada\/barcelona\/"},{"@type":"ListItem","position":4,"name":"Opening Doors Sagrera"}]},{"@type":"WebSite","@id":"https:\/\/opening-doors.eu\/#website","url":"https:\/\/opening-doors.eu\/","name":"Opening Doors","description":"","publisher":{"@id":"https:\/\/opening-doors.eu\/#organization"},"potentialAction":[{"@type":"SearchAction","target":{"@type":"EntryPoint","urlTemplate":"https:\/\/opening-doors.eu\/?s={search_term_string}"},"query-input":{"@type":"PropertyValueSpecification","valueRequired":true,"valueName":"search_term_string"}}],"inLanguage":"fr-FR"},{"@type":"Organization","@id":"https:\/\/opening-doors.eu\/#organization","name":"Opening Doors","url":"https:\/\/opening-doors.eu\/","logo":{"@type":"ImageObject","inLanguage":"fr-FR","@id":"https:\/\/opening-doors.eu\/#\/schema\/logo\/image\/","url":"https:\/\/opening-doors.eu\/wp-content\/uploads\/2026\/04\/logo_OD_web_02.png","contentUrl":"https:\/\/opening-doors.eu\/wp-content\/uploads\/2026\/04\/logo_OD_web_02.png","width":215,"height":108,"caption":"Opening Doors"},"image":{"@id":"https:\/\/opening-doors.eu\/#\/schema\/logo\/image\/"}}]}},"uagb_featured_image_src":{"full":["https:\/\/opening-doors.eu\/wp-content\/uploads\/2025\/04\/1.-Dorm-5-scaled.jpg",2560,1441,false],"thumbnail":["https:\/\/opening-doors.eu\/wp-content\/uploads\/2025\/04\/1.-Dorm-5-150x150.jpg",150,150,true],"medium":["https:\/\/opening-doors.eu\/wp-content\/uploads\/2025\/04\/1.-Dorm-5-300x169.jpg",300,169,true],"medium_large":["https:\/\/opening-doors.eu\/wp-content\/uploads\/2025\/04\/1.-Dorm-5-768x432.jpg",768,432,true],"large":["https:\/\/opening-doors.eu\/wp-content\/uploads\/2025\/04\/1.-Dorm-5-1024x577.jpg",1024,577,true],"1536x1536":["https:\/\/opening-doors.eu\/wp-content\/uploads\/2025\/04\/1.-Dorm-5-1536x865.jpg",1536,865,true],"2048x2048":["https:\/\/opening-doors.eu\/wp-content\/uploads\/2025\/04\/1.-Dorm-5-2048x1153.jpg",2048,1153,true],"trp-custom-language-flag":["https:\/\/opening-doors.eu\/wp-content\/uploads\/2025\/04\/1.-Dorm-5-18x10.jpg",18,10,true]},"uagb_author_info":{"display_name":"admin","author_link":"https:\/\/opening-doors.eu\/fr\/author\/"},"uagb_comment_info":0,"uagb_excerpt":null,"_links":{"self":[{"href":"https:\/\/opening-doors.eu\/fr\/wp-json\/wp\/v2\/apartamentos\/5734","targetHints":{"allow":["GET"]}}],"collection":[{"href":"https:\/\/opening-doors.eu\/fr\/wp-json\/wp\/v2\/apartamentos"}],"about":[{"href":"https:\/\/opening-doors.eu\/fr\/wp-json\/wp\/v2\/types\/apartamentos"}],"wp:featuredmedia":[{"embeddable":true,"href":"https:\/\/opening-doors.eu\/fr\/wp-json\/wp\/v2\/media\/5739"}],"wp:attachment":[{"href":"https:\/\/opening-doors.eu\/fr\/wp-json\/wp\/v2\/media?parent=5734"}],"wp:term":[{"taxonomy":"alquiler-temporada","embeddable":true,"href":"https:\/\/opening-doors.eu\/fr\/wp-json\/wp\/v2\/alquiler-temporada?post=5734"},{"taxonomy":"venta","embeddable":true,"href":"https:\/\/opening-doors.eu\/fr\/wp-json\/wp\/v2\/venta?post=5734"}],"curies":[{"name":"wp","href":"https:\/\/api.w.org\/{rel}","templated":true}]}}

<!-- This site is optimized with the Yoast SEO plugin v27.2 - https://yoast.com/product/yoast-seo-wordpress/ -->
<title>Opening Doors Sagrera - Opening Doors</title>
<meta name="description" content="Luminoso piso amueblado en La Sagrera, 2 hab., ideal para empresas o estudiantes. Totalmente equipado y bien conectado." />
<meta name="robots" content="index, follow, max-snippet:-1, max-image-preview:large, max-video-preview:-1" />
<link rel="canonical" href="https://opening-doors.eu/fr/appartements/opening-doors-sagrera/" />
<meta property="og:locale" content="fr_FR" />
<meta property="og:type" content="article" />
<meta property="og:title" content="Opening Doors Sagrera - Opening Doors" />
<meta property="og:description" content="Luminoso piso amueblado en La Sagrera, 2 hab., ideal para empresas o estudiantes. Totalmente equipado y bien conectado." />
<meta property="og:url" content="https://opening-doors.eu/fr/appartements/opening-doors-sagrera/" />
<meta property="og:site_name" content="Opening Doors" />
<meta property="article:modified_time" content="2026-02-02T09:34:29+00:00" />
<meta property="og:image" content="https://opening-doors.eu/wp-content/uploads/2025/04/1.-Dorm-5-scaled.jpg" />
	<meta property="og:image:width" content="2560" />
	<meta property="og:image:height" content="1441" />
	<meta property="og:image:type" content="image/jpeg" />
<meta name="twitter:card" content="summary_large_image" />
<meta name="twitter:label1" content="Durée de lecture estimée" />
	<meta name="twitter:data1" content="2 minutes" />
<script type="application/ld+json" class="yoast-schema-graph">{"@context":"https://schema.org","@graph":[{"@type":"WebPage","@id":"https://opening-doors.eu/apartamentos/opening-doors-sagrera/","url":"https://opening-doors.eu/apartamentos/opening-doors-sagrera/","name":"Opening Doors Sagrera - Opening Doors","isPartOf":{"@id":"https://opening-doors.eu/#website"},"primaryImageOfPage":{"@id":"https://opening-doors.eu/apartamentos/opening-doors-sagrera/#primaryimage"},"image":{"@id":"https://opening-doors.eu/apartamentos/opening-doors-sagrera/#primaryimage"},"thumbnailUrl":"https://opening-doors.eu/wp-content/uploads/2025/04/1.-Dorm-5-scaled.jpg","datePublished":"2023-04-16T10:33:00+00:00","dateModified":"2026-02-02T09:34:29+00:00","description":"Luminoso piso amueblado en La Sagrera, 2 hab., ideal para empresas o estudiantes. Totalmente equipado y bien conectado.","breadcrumb":{"@id":"https://opening-doors.eu/apartamentos/opening-doors-sagrera/#breadcrumb"},"inLanguage":"fr-FR","potentialAction":[{"@type":"ReadAction","target":["https://opening-doors.eu/apartamentos/opening-doors-sagrera/"]}]},{"@type":"ImageObject","inLanguage":"fr-FR","@id":"https://opening-doors.eu/apartamentos/opening-doors-sagrera/#primaryimage","url":"https://opening-doors.eu/wp-content/uploads/2025/04/1.-Dorm-5-scaled.jpg","contentUrl":"https://opening-doors.eu/wp-content/uploads/2025/04/1.-Dorm-5-scaled.jpg","width":2560,"height":1441},{"@type":"BreadcrumbList","@id":"https://opening-doors.eu/apartamentos/opening-doors-sagrera/#breadcrumb","itemListElement":[{"@type":"ListItem","position":1,"name":"Inicio","item":"https://opening-doors.eu/"},{"@type":"ListItem","position":2,"name":"Apartamentos","item":"https://opening-doors.eu/apartamentos/"},{"@type":"ListItem","position":3,"name":"Barcelona","item":"https://opening-doors.eu/alquiler-temporada/barcelona/"},{"@type":"ListItem","position":4,"name":"Opening Doors Sagrera"}]},{"@type":"WebSite","@id":"https://opening-doors.eu/#website","url":"https://opening-doors.eu/","name":"Opening Doors","description":"","publisher":{"@id":"https://opening-doors.eu/#organization"},"potentialAction":[{"@type":"SearchAction","target":{"@type":"EntryPoint","urlTemplate":"https://opening-doors.eu/?s={search_term_string}"},"query-input":{"@type":"PropertyValueSpecification","valueRequired":true,"valueName":"search_term_string"}}],"inLanguage":"fr-FR"},{"@type":"Organization","@id":"https://opening-doors.eu/#organization","name":"Opening Doors","url":"https://opening-doors.eu/","logo":{"@type":"ImageObject","inLanguage":"fr-FR","@id":"https://opening-doors.eu/#/schema/logo/image/","url":"https://opening-doors.eu/wp-content/uploads/2026/04/logo_OD_web_02.png","contentUrl":"https://opening-doors.eu/wp-content/uploads/2026/04/logo_OD_web_02.png","width":215,"height":108,"caption":"Opening Doors"},"image":{"@id":"https://opening-doors.eu/#/schema/logo/image/"}}]}</script>
<!-- / Yoast SEO plugin. -->

Appartement lumineux et meublé de 2 chambres à La Sagrera, idéal pour les entreprises ou les étudiants. Entièrement équipé et bien connecté.
